62 + -87. Calculate the highest common divisor of m and w.
15
Let o be (28/35)/((-6)/1080). Let n = o + 155. Calculate the greatest common factor of 22 and n.
11
Suppose 20*d - 115 = 19*d + k, -16 = -4*k. Calculate the highest common factor of d and 14875.
119
Let u(a) = 37*a**2 - 4*a - 2. Let t be u(-1). Suppose -t*o + 41*o = 6. Calculate the highest common factor of o and 33.
3
Let w be 24/(-9) + (-32896)/(-24). Calculate the highest common factor of 27 and w.
9
Suppose 0 = -5*u + 4*l + 41, 0*l = 4*u - 4*l - 36. Let y be -2 - (-133)/u - (-4)/10. Calculate the highest common divisor of 25 and y.
25
Let g be (-36)/(-28) + -1 - (-102)/(-14). Let q(v) = v + 10. Let u be q(g). Let d = -40 - -73. Calculate the highest common factor of u and d.
3
Suppose 2*s - 10 = 0, -6*z - 2*s = -2*z - 390. Let b(k) = -4*k**2 - 381*k - 204. Let q be b(-94). What is the highest common divisor of z and q?
19
Let x = -352 + 354. Suppose 4*u - 266 = 3*u - x*v, 1091 = 4*u - v. Calculate the greatest common divisor of 32 and u.
16
Let f = 1 - -12. Suppose -299 = -5*s - 254. Suppose 4 = -5*i + s, -4*b + 2*i + 674 = 0. What is the highest common divisor of b and f?
13
Suppose 24*n - 26*n = -12. Let r = 208 - 354. Let q be 4/((-40)/r) + (-3)/5. What is the greatest common divisor of n and q?
2
Let i be 30 - (38 - 461)/3. Let o(g) = g**2 + 4*g + 0 - g - 1. Let f be o(-5). What is the greatest common factor of i and f?
9
Let p = 15822 - 11651. Calculate the highest common factor of p and 172.
43
Let p = 55 - 53. Suppose 3*s + 373 = 8*s + p*v, -3*v = 3. Let f = 81 - s. What is the greatest common factor of 6 and f?
6
Let k(b) = 32*b - 108. Let w = 22 + -16. Let n be k(w). What is the greatest common factor of 60 and n?
12
Let y be ((-4470)/8)/((-416)/1664). Calculate the highest common factor of 1192 and y.
149
Let x = 385 - 193. Suppose -576 = 121*v - 269*v + 136*v. What is the greatest common factor of v and x?
48
Let d(i) = 3*i**2 + 2*i + 71. Let k be d(-7). Suppose 21*f + u + 99 = 22*f, 2*f - k = 4*u. Calculate the highest common factor of 108 and f.
12
Suppose 64*t = 675 + 221. What is the highest common divisor of t and 2114?
14
Suppose 5*l + r = -7 + 20, 4*r = 3*l + 6. Let i be 13*1 + l + 2. Let p = -1 + i. What is the highest common factor of 176 and p?
16
Let o = 91 - 69. Suppose -2*k + l + o = 0, 2*k + 5*l - 9 - 13 = 0. What is the highest common divisor of 176 and k?
11
Let o(z) = -2*z**3 + 132*z**2 + 136*z + 118. Let k be o(67). What is the greatest common divisor of 3384 and k?
36
Let u = -336 + 351. Suppose -4*s + 608 = u*s. Calculate the greatest common divisor of 480 and s.
32
Let l(d) = 13*d - 259. Let j be l(31). Calculate the greatest common divisor of j and 128.
16
Let v = 6 - -13. Suppose -3*j + 11 + v = 0. Let c(d) = -d**3 + 2*d**2 + 11*d - 7. Let l be c(4). What is the highest common factor of l and j?
5
Let z(t) = 8*t + 40. Let p be z(-1). What is the greatest common factor of p and 488?
8
Suppose 9*f = 7*f - 8, 5*o + 5*f - 1030 = 0. Calculate the highest common factor of o and 240.
30
Let t(b) = -105*b**3 + 2*b**2 + 37*b + 74. Let o be t(-2). Calculate the greatest common factor of o and 16.
16
Let r be (5 - (-66)/(-12))/(3/(-66)). Let h(w) = w**3 - 12*w**2 + 12*w + 2. Let k be h(r). Calculate the greatest common divisor of k and 2.
1
Suppose 5*g + 20 = 5*u, 5*u - 4*g - 7 = 18. Let l(o) = o + 12. Let s be l(0). Calculate the greatest common divisor of u and s.
3
Suppose -3*p + 5*f + 178 - 34 = 0, 0 = f. Suppose -3*i + 0 + p = 0. Calculate the greatest common factor of 48 and i.
16
Suppose -828*k + 832*k + 711 = 5*j, 0 = -2*j + 3*k + 290. What is the greatest common divisor of j and 45175?
139
Suppose 2*p - 552 = -4*u + 3*u, 3*u + 1104 = 4*p. Suppose -5*r + p + 9 = 0. Suppose -2*c = 3*c - 95. What is the highest common factor of c and r?
19
Suppose 3*q - 8*q = -725. Let g be q/(-174) + (-77)/(-6). What is the greatest common divisor of g and 54?
6
Let i(m) = 2*m**2 + 10*m - 1. Let p be i(-7). Suppose 0 = 4*k - 41 - 144 - 67. What is the highest common factor of p and k?
9
Let a = -133 - -143. Suppose 67 = 5*j - b - a, 3*b = -6. What is the greatest common divisor of j and 6?
3
Let h(i) = 2925*i - 5272. Let t be h(2). Calculate the greatest common divisor of t and 2074.
34
Suppose -1888 = -21*y - 11*y. What is the greatest common factor of 236 and y?
59
Suppose -13*f + 873 + 1714 = 0. Let d = 10 + f. Calculate the highest common divisor of 114 and d.
19
Let z be 2/8*-2*(-15 - -5). Suppose -z*t + 1 - 6 = 0, -5*c - 5*t = -1155. What is the greatest common divisor of c and 58?
58
Let x be -1 - (1 + 2)*139/(-1). Suppose 5*j = -o + 131, 2*j - 45*o - 50 = -43*o. What is the greatest common divisor of j and x?
26
Suppose 5*i + 12 - 47 = 0. Suppose -i*v - 1660 = -11*v. Calculate the highest common divisor of 5 and v.
5
Let a = 5906 + 7029. Calculate the highest common factor of 199 and a.
199
Suppose -85*m + 83*m - 74 = -2*q, -3*q - 5*m + 143 = 0. What is the greatest common divisor of 3321 and q?
41
Let m(t) = t**2 - 17*t - 190. Let h be m(-43). What is the greatest common factor of 3107 and h?
239
Suppose 11*d = 1750 + 1033. Let y = d - 244. Suppose -2*c + g - 4 = -16, 4*c - 24 = -2*g. Calculate the highest common factor of y and c.
3
Suppose -5 - 45 = -10*j. Suppose -2*p - 3*p + 3 = -3*g, 2*g = j*p - 7. What is the highest common factor of p and 27?
3
Let y(d) = -9*d - 270 + 231 + 15*d**2 - 11*d + d**3. Let b be y(-16). What is the greatest common divisor of b and 225?
25
Suppose -2*c + 339 = o + 95, 4*c = 3*o + 488. Let r be c + 42/(-2 - -9). Calculate the greatest common divisor of r and 192.
64
Let z(b) = -b**2 - 6*b + 24. Let c be z(-9). Let v(s) = 7 + 4*s**2 + s**3 + 2*s - 2*s + 3*s. Let d be v(c). Calculate the greatest common factor of 56 and d.
7
Suppose 60*v - 31590 = 15*v. Calculate the highest common divisor of 594 and v.
54
Let r be (13 - 544)/(10 + 62/(-6)). What is the highest common divisor of 21 and r?
3
Let l = 1396 - 935. Let q = l - 451. Calculate the highest common factor of 4 and q.
2
Let w = 297 - 291. Suppose 5*x - 96 = -2*q, 4*q - 5*x - 342 = -90. What is the greatest common divisor of w and q?
2
Suppose 728 + 2236 = 39*o. Calculate the highest common divisor of 703 and o.
19
Suppose -13*m - 156 = -16*m. Suppose -14*d - 247 - 740 = -2079. Calculate the highest common factor of d and m.
26
Let t(h) = -2*h**3 + 100*h**2 + 165. Let p be t(50). What is the highest common divisor of 297 and p?
33
Let f = -1049 - -1345. Let q(x) = 5*x + 1. Let y be q(3). What is the greatest common divisor of f and y?
8
Suppose 0 = -12*t + 1870 - 118. Calculate the highest common divisor of 1898 and t.
146
Let a = 255 + -244. Let b be 4 + (5 - (-16)/(-4)) + a. What is the greatest common factor of b and 1?
1
Let j = 52 - 47. Let k be (174/15)/(2/j). Suppose 0 = b + 21 - k. Calculate the highest common factor of 1 and b.
1
Let s = 26 - 21. Let m be 64/4 - (1 - s). Calculate the highest common divisor of m and 4.
4
Let g = -54 + 59. Let d = g - -12. What is the greatest common divisor of 272 and d?
17
Let h = 37 - 16. Suppose 3*n - 145 = 8*n. Let r = -22 - n. What is the greatest common factor of h and r?
7
Let y(x) = -6*x - 22. Let i be y(-6). Suppose c - 4 = -2*v, 4*c - 3*v = v + 4. Suppose -c*k - 28 = -6*k. What is the highest common factor of k and i?
7
Let w(y) = -y**3 + y**2 + y + 87. Suppose -4*q - 5*h = -25, 17 + 3 = -5*q + 4*h. Let l be w(q). What is the highest common factor of l and 29?
29
Suppose -60*c + 64*c + 324 = 0. Let i = c - -100. Let r(b) = b**2 - 18*b + 29. Let h be r(i). What is the greatest common divisor of h and 16?
16
Let c(y) = -69*y - 1601. Let q be c(-77). Calculate the highest common divisor of q and 58.
58
Suppose -2*y - 5*x = -201, 222 = -39*y + 41*y - 2*x. Calculate the highest common factor of y and 5508.
108
Let m(g) = 2*g**2 - 14*g - 19. Let s be m(13). Let a = 201 - s. Let u = a - 58. Calculate the highest common factor of u and 6.
6
Let w(t) = -2*t**2 + 13*t + 12. Let x be w(6). Suppose x*q - 67 = 131. Calculate the highest common divisor of 671 and q.
11
Suppose 3*v = 5*f - 603, -5*v + 7*v = -2. Suppose -40 = 10*r - f. Suppose r*h = -91 + 1123. What is the highest common factor of h and 43?
43
Suppose -2 = 4*x - 6.